{"id":74,"date":"2014-01-26T18:31:26","date_gmt":"2014-01-26T16:31:26","guid":{"rendered":"http:\/\/family-cycling.com\/wp-family-cycling\/?page_id=74"},"modified":"2023-01-20T16:54:19","modified_gmt":"2023-01-20T15:54:19","slug":"test-und-presseberichte","status":"publish","type":"page","link":"https:\/\/family-cycling.com\/83749289Sa-family-cycling-deutsch\/test-und-presseberichte\/","title":{"rendered":"Test- und Presseberichte"},"content":{"rendered":"\t\t<div data-elementor-type=\"wp-page\" data-elementor-id=\"74\" class=\"elementor elementor-74\">\n\t\t\t\t\t\t\t\t\t<section class=\"elementor-section elementor-top-section elementor-element elementor-element-4d5a154d elementor-section-full_width elementor-section-height-min-height elementor-section-height-default elementor-section-items-middle\" data-id=\"4d5a154d\" data-element_type=\"section\" data-settings=\"{&quot;background_background&quot;:&quot;slideshow&quot;,&quot;background_slideshow_slide_duration&quot;:3882,&quot;background_slideshow_transition_duration&quot;:2000,&quot;background_slideshow_gallery&quot;:[{&quot;id&quot;:2433,&quot;url&quot;:&quot;https:\\\/\\\/family-cycling.com\\\/83749289Sa-family-cycling-deutsch\\\/wp-content\\\/uploads\\\/follome-anhaengen-banner.jpg&quot;}],&quot;background_slideshow_slide_transition&quot;:&quot;fade&quot;}\">\n\t\t\t\t\t\t<div class=\"elementor-container elementor-column-gap-default\">\n\t\t\t\t\t<div class=\"elementor-column elementor-col-100 elementor-top-column elementor-element elementor-element-45bde106\" data-id=\"45bde106\" data-element_type=\"column\">\n\t\t\t<div class=\"elementor-widget-wrap\">\n\t\t\t\t\t\t\t\t\t<\/div>\n\t\t<\/div>\n\t\t\t\t\t\t\t<\/div>\n\t\t<\/section>\n\t\t\t\t<section class=\"elementor-section elementor-top-section elementor-element elementor-element-ead5c48 elementor-section-boxed elementor-section-height-default elementor-section-height-default\" data-id=\"ead5c48\" data-element_type=\"section\">\n\t\t\t\t\t\t<div class=\"elementor-container elementor-column-gap-default\">\n\t\t\t\t\t<div class=\"elementor-column elementor-col-100 elementor-top-column elementor-element elementor-element-e1128fb\" data-id=\"e1128fb\" data-element_type=\"column\">\n\t\t\t<div class=\"elementor-widget-wrap elementor-element-populated\">\n\t\t\t\t\t\t\t\t<div class=\"elementor-element elementor-element-64add3b elementor-widget elementor-widget-spacer\" data-id=\"64add3b\" data-element_type=\"widget\" data-widget_type=\"spacer.default\">\n\t\t\t\t<div class=\"elementor-widget-container\">\n\t\t\t<style>\/*! elementor - v3.10.2 - 29-01-2023 *\/\n.elementor-column .elementor-spacer-inner{height:var(--spacer-size)}.e-con{--container-widget-width:100%}.e-con-inner>.elementor-widget-spacer,.e-con>.elementor-widget-spacer{width:var(--container-widget-width,var(--spacer-size));--align-self:var(--container-widget-align-self,initial);--flex-shrink:0}.e-con-inner>.elementor-widget-spacer>.elementor-widget-container,.e-con-inner>.elementor-widget-spacer>.elementor-widget-container>.elementor-spacer,.e-con>.elementor-widget-spacer>.elementor-widget-container,.e-con>.elementor-widget-spacer>.elementor-widget-container>.elementor-spacer{height:100%}.e-con-inner>.elementor-widget-spacer>.elementor-widget-container>.elementor-spacer>.elementor-spacer-inner,.e-con>.elementor-widget-spacer>.elementor-widget-container>.elementor-spacer>.elementor-spacer-inner{height:var(--container-widget-height,var(--spacer-size))}<\/style>\t\t<div class=\"elementor-spacer\">\n\t\t\t<div class=\"elementor-spacer-inner\"><\/div>\n\t\t<\/div>\n\t\t\t\t<\/div>\n\t\t\t\t<\/div>\n\t\t\t\t\t<\/div>\n\t\t<\/div>\n\t\t\t\t\t\t\t<\/div>\n\t\t<\/section>\n\t\t\t\t<section class=\"elementor-section elementor-top-section elementor-element elementor-element-5bf9cb81 elementor-section-boxed elementor-section-height-default elementor-section-height-default\" data-id=\"5bf9cb81\" data-element_type=\"section\">\n\t\t\t\t\t\t<div class=\"elementor-container elementor-column-gap-default\">\n\t\t\t\t\t<div class=\"elementor-column elementor-col-33 elementor-top-column elementor-element elementor-element-2754dd1b\" data-id=\"2754dd1b\" data-element_type=\"column\">\n\t\t\t<div class=\"elementor-widget-wrap elementor-element-populated\">\n\t\t\t\t\t\t\t\t<div class=\"elementor-element elementor-element-783efe4e elementor-widget__width-initial elementor-widget elementor-widget-wp-widget-ocean_custom_menu\" data-id=\"783efe4e\" data-element_type=\"widget\" data-widget_type=\"wp-widget-ocean_custom_menu.default\">\n\t\t\t\t<div class=\"elementor-widget-container\">\n\t\t\t<style type=\"text\/css\">.ocean_custom_menu-REPLACE_TO_ID > ul > li > a, .custom-menu-widget .ocean_custom_menu-REPLACE_TO_ID .dropdown-menu .sub-menu li a.menu-link{color:#666;font-size:16px;}.custom-menu-widget .ocean_custom_menu-REPLACE_TO_ID.oceanwp-custom-menu > ul.click-menu .open-this{color:#666;font-size:16px;}.ocean_custom_menu-REPLACE_TO_ID > ul > li > a:hover, .custom-menu-widget .ocean_custom_menu-REPLACE_TO_ID .dropdown-menu .sub-menu li a.menu-link:hover{color:#E30505;}.custom-menu-widget .ocean_custom_menu-REPLACE_TO_ID.oceanwp-custom-menu > ul.click-menu .open-this:hover{color:#E30505;}<\/style><div class=\"oceanwp-custom-menu clr ocean_custom_menu-REPLACE_TO_ID left dropdown-hover\"><ul id=\"menu-test-und-presse\" class=\"dropdown-menu sf-menu\"><li  id=\"menu-item-1716\" class=\"menu-item menu-item-type-post_type menu-item-object-page menu-item-1716\"><a href=\"https:\/\/family-cycling.com\/83749289Sa-family-cycling-deutsch\/stiftung-warentest\/\" class=\"menu-link\">> Stiftung Warentest<\/a><\/li>\n<li  id=\"menu-item-1717\" class=\"menu-item menu-item-type-post_type menu-item-object-page menu-item-1717\"><a href=\"https:\/\/family-cycling.com\/83749289Sa-family-cycling-deutsch\/test-und-presseberichte\/\" class=\"menu-link\">> Test- und Presseberichte<\/a><\/li>\n<\/ul><\/div>\t\t<\/div>\n\t\t\t\t<\/div>\n\t\t\t\t<div class=\"elementor-element elementor-element-3b84372 elementor-widget elementor-widget-spacer\" data-id=\"3b84372\" data-element_type=\"widget\" data-widget_type=\"spacer.default\">\n\t\t\t\t<div class=\"elementor-widget-container\">\n\t\t\t\t\t<div class=\"elementor-spacer\">\n\t\t\t<div class=\"elementor-spacer-inner\"><\/div>\n\t\t<\/div>\n\t\t\t\t<\/div>\n\t\t\t\t<\/div>\n\t\t\t\t\t<\/div>\n\t\t<\/div>\n\t\t\t\t<div class=\"elementor-column elementor-col-66 elementor-top-column elementor-element elementor-element-6c064026\" data-id=\"6c064026\" data-element_type=\"column\">\n\t\t\t<div class=\"elementor-widget-wrap elementor-element-populated\">\n\t\t\t\t\t\t\t\t<div class=\"elementor-element elementor-element-416d5462 elementor-widget elementor-widget-text-editor\" data-id=\"416d5462\" data-element_type=\"widget\" data-widget_type=\"text-editor.default\">\n\t\t\t\t<div class=\"elementor-widget-container\">\n\t\t\t<style>\/*! elementor - v3.10.2 - 29-01-2023 *\/\n.elementor-widget-text-editor.elementor-drop-cap-view-stacked .elementor-drop-cap{background-color:#818a91;color:#fff}.elementor-widget-text-editor.elementor-drop-cap-view-framed .elementor-drop-cap{color:#818a91;border:3px solid;background-color:transparent}.elementor-widget-text-editor:not(.elementor-drop-cap-view-default) .elementor-drop-cap{margin-top:8px}.elementor-widget-text-editor:not(.elementor-drop-cap-view-default) .elementor-drop-cap-letter{width:1em;height:1em}.elementor-widget-text-editor .elementor-drop-cap{float:left;text-align:center;line-height:1;font-size:50px}.elementor-widget-text-editor .elementor-drop-cap-letter{display:inline-block}<\/style>\t\t\t\t<h2 style=\"text-align: left;\">Test- und Presseberichte<\/h2><h3 style=\"text-align: left;\">Stiftung Warentest Testsieger<\/h3><p><img loading=\"lazy\" decoding=\"async\" class=\"alignnone wp-image-422 size-medium\" src=\"https:\/\/family-cycling.com\/83749289Sa-family-cycling-deutsch\/wp-content\/uploads\/wartentest-testsieger-600-300x192.jpg\" alt=\"Stiftung Warentest Testfahrradanh\u00e4nger\" width=\"300\" height=\"192\" srcset=\"https:\/\/family-cycling.com\/83749289Sa-family-cycling-deutsch\/wp-content\/uploads\/wartentest-testsieger-600-300x192.jpg 300w, https:\/\/family-cycling.com\/83749289Sa-family-cycling-deutsch\/wp-content\/uploads\/wartentest-testsieger-600-234x150.jpg 234w, https:\/\/family-cycling.com\/83749289Sa-family-cycling-deutsch\/wp-content\/uploads\/wartentest-testsieger-600.jpg 600w\" sizes=\"auto, (max-width: 300px) 100vw, 300px\" \/><\/p>\t\t\t\t\t\t<\/div>\n\t\t\t\t<\/div>\n\t\t\t\t<div class=\"elementor-element elementor-element-c15c248 elementor-widget elementor-widget-button\" data-id=\"c15c248\" data-element_type=\"widget\" data-widget_type=\"button.default\">\n\t\t\t\t<div class=\"elementor-widget-container\">\n\t\t\t\t\t<div class=\"elementor-button-wrapper\">\n\t\t\t<a href=\"https:\/\/www.test.de\/Fahrradanhaenger-fuer-Kinder-Problem-Schadstoffe-1859173-1858092\/detail\/?ft=subkeys&#038;fd=2010230a!32\" target=\"_blank\" class=\"elementor-button-link elementor-button elementor-size-md\" role=\"button\">\n\t\t\t\t\t\t<span class=\"elementor-button-content-wrapper\">\n\t\t\t\t\t\t\t<span class=\"elementor-button-icon elementor-align-icon-left\">\n\t\t\t\t<i aria-hidden=\"true\" class=\"fas fa-link\"><\/i>\t\t\t<\/span>\n\t\t\t\t\t\t<span class=\"elementor-button-text\">Testbericht lesen<\/span>\n\t\t<\/span>\n\t\t\t\t\t<\/a>\n\t\t<\/div>\n\t\t\t\t<\/div>\n\t\t\t\t<\/div>\n\t\t\t\t<div class=\"elementor-element elementor-element-f299f92 elementor-widget-divider--view-line elementor-widget elementor-widget-divider\" data-id=\"f299f92\" data-element_type=\"widget\" data-widget_type=\"divider.default\">\n\t\t\t\t<div class=\"elementor-widget-container\">\n\t\t\t<style>\/*! elementor - v3.10.2 - 29-01-2023 *\/\n.elementor-widget-divider{--divider-border-style:none;--divider-border-width:1px;--divider-color:#2c2c2c;--divider-icon-size:20px;--divider-element-spacing:10px;--divider-pattern-height:24px;--divider-pattern-size:20px;--divider-pattern-url:none;--divider-pattern-repeat:repeat-x}.elementor-widget-divider .elementor-divider{display:flex}.elementor-widget-divider .elementor-divider__text{font-size:15px;line-height:1;max-width:95%}.elementor-widget-divider .elementor-divider__element{margin:0 var(--divider-element-spacing);flex-shrink:0}.elementor-widget-divider .elementor-icon{font-size:var(--divider-icon-size)}.elementor-widget-divider .elementor-divider-separator{display:flex;margin:0;direction:ltr}.elementor-widget-divider--view-line_icon .elementor-divider-separator,.elementor-widget-divider--view-line_text .elementor-divider-separator{align-items:center}.elementor-widget-divider--view-line_icon .elementor-divider-separator:after,.elementor-widget-divider--view-line_icon .elementor-divider-separator:before,.elementor-widget-divider--view-line_text .elementor-divider-separator:after,.elementor-widget-divider--view-line_text .elementor-divider-separator:before{display:block;content:\"\";border-bottom:0;flex-grow:1;border-top:var(--divider-border-width) var(--divider-border-style) var(--divider-color)}.elementor-widget-divider--element-align-left .elementor-divider .elementor-divider-separator>.elementor-divider__svg:first-of-type{flex-grow:0;flex-shrink:100}.elementor-widget-divider--element-align-left .elementor-divider-separator:before{content:none}.elementor-widget-divider--element-align-left .elementor-divider__element{margin-left:0}.elementor-widget-divider--element-align-right .elementor-divider .elementor-divider-separator>.elementor-divider__svg:last-of-type{flex-grow:0;flex-shrink:100}.elementor-widget-divider--element-align-right .elementor-divider-separator:after{content:none}.elementor-widget-divider--element-align-right .elementor-divider__element{margin-right:0}.elementor-widget-divider:not(.elementor-widget-divider--view-line_text):not(.elementor-widget-divider--view-line_icon) .elementor-divider-separator{border-top:var(--divider-border-width) var(--divider-border-style) var(--divider-color)}.elementor-widget-divider--separator-type-pattern{--divider-border-style:none}.elementor-widget-divider--separator-type-pattern.elementor-widget-divider--view-line .elementor-divider-separator,.elementor-widget-divider--separator-type-pattern:not(.elementor-widget-divider--view-line) .elementor-divider-separator:after,.elementor-widget-divider--separator-type-pattern:not(.elementor-widget-divider--view-line) .elementor-divider-separator:before,.elementor-widget-divider--separator-type-pattern:not([class*=elementor-widget-divider--view]) .elementor-divider-separator{width:100%;min-height:var(--divider-pattern-height);-webkit-mask-size:var(--divider-pattern-size) 100%;mask-size:var(--divider-pattern-size) 100%;-webkit-mask-repeat:var(--divider-pattern-repeat);mask-repeat:var(--divider-pattern-repeat);background-color:var(--divider-color);-webkit-mask-image:var(--divider-pattern-url);mask-image:var(--divider-pattern-url)}.elementor-widget-divider--no-spacing{--divider-pattern-size:auto}.elementor-widget-divider--bg-round{--divider-pattern-repeat:round}.rtl .elementor-widget-divider .elementor-divider__text{direction:rtl}.e-con-inner>.elementor-widget-divider,.e-con>.elementor-widget-divider{width:var(--container-widget-width);--flex-grow:var(--container-widget-flex-grow)}<\/style>\t\t<div class=\"elementor-divider\">\n\t\t\t<span class=\"elementor-divider-separator\">\n\t\t\t\t\t\t<\/span>\n\t\t<\/div>\n\t\t\t\t<\/div>\n\t\t\t\t<\/div>\n\t\t\t\t<div class=\"elementor-element elementor-element-2496086 elementor-widget elementor-widget-text-editor\" data-id=\"2496086\" data-element_type=\"widget\" data-widget_type=\"text-editor.default\">\n\t\t\t\t<div class=\"elementor-widget-container\">\n\t\t\t\t\t\t\t<h3 style=\"text-align: left;\">ADAC Testsieger<\/h3>\t\t\t\t\t\t<\/div>\n\t\t\t\t<\/div>\n\t\t\t\t<div class=\"elementor-element elementor-element-4f889c3 elementor-widget elementor-widget-button\" data-id=\"4f889c3\" data-element_type=\"widget\" data-widget_type=\"button.default\">\n\t\t\t\t<div class=\"elementor-widget-container\">\n\t\t\t\t\t<div class=\"elementor-button-wrapper\">\n\t\t\t<a href=\"https:\/\/www.adac.de\/infotestrat\/tests\/fahrrad-zubehoer-sport\/kinderfahrradanhaenger-test\/kinderfahrradanhaenger_2010\/detail.aspx?testId=21&#038;recordId=307\" target=\"_blank\" rel=\"nofollow\" class=\"elementor-button-link elementor-button elementor-size-md\" role=\"button\">\n\t\t\t\t\t\t<span class=\"elementor-button-content-wrapper\">\n\t\t\t\t\t\t\t<span class=\"elementor-button-icon elementor-align-icon-left\">\n\t\t\t\t<i aria-hidden=\"true\" class=\"fas fa-link\"><\/i>\t\t\t<\/span>\n\t\t\t\t\t\t<span class=\"elementor-button-text\">Testbericht lesen<\/span>\n\t\t<\/span>\n\t\t\t\t\t<\/a>\n\t\t<\/div>\n\t\t\t\t<\/div>\n\t\t\t\t<\/div>\n\t\t\t\t<div class=\"elementor-element elementor-element-d750f94 elementor-widget-divider--view-line elementor-widget elementor-widget-divider\" data-id=\"d750f94\" data-element_type=\"widget\" data-widget_type=\"divider.default\">\n\t\t\t\t<div class=\"elementor-widget-container\">\n\t\t\t\t\t<div class=\"elementor-divider\">\n\t\t\t<span class=\"elementor-divider-separator\">\n\t\t\t\t\t\t<\/span>\n\t\t<\/div>\n\t\t\t\t<\/div>\n\t\t\t\t<\/div>\n\t\t\t\t<div class=\"elementor-element elementor-element-eebe1cb elementor-widget elementor-widget-text-editor\" data-id=\"eebe1cb\" data-element_type=\"widget\" data-widget_type=\"text-editor.default\">\n\t\t\t\t<div class=\"elementor-widget-container\">\n\t\t\t\t\t\t\t<h2 style=\"text-align: left;\">Test von Testberichte.de<\/h2><p style=\"text-align: left;\"><img loading=\"lazy\" decoding=\"async\" class=\"alignnone wp-image-427 size-medium\" src=\"https:\/\/family-cycling.com\/83749289Sa-family-cycling-deutsch\/wp-content\/uploads\/familienfahrt-followme-kindersitz-300x244.jpg\" alt=\"Familienfahrt mit Followme und Kindersitz\" width=\"300\" height=\"244\" srcset=\"https:\/\/family-cycling.com\/83749289Sa-family-cycling-deutsch\/wp-content\/uploads\/familienfahrt-followme-kindersitz-300x244.jpg 300w, https:\/\/family-cycling.com\/83749289Sa-family-cycling-deutsch\/wp-content\/uploads\/familienfahrt-followme-kindersitz.jpg 558w\" sizes=\"auto, (max-width: 300px) 100vw, 300px\" \/><\/p>\t\t\t\t\t\t<\/div>\n\t\t\t\t<\/div>\n\t\t\t\t<div class=\"elementor-element elementor-element-fbbd012 elementor-widget elementor-widget-button\" data-id=\"fbbd012\" data-element_type=\"widget\" data-widget_type=\"button.default\">\n\t\t\t\t<div class=\"elementor-widget-container\">\n\t\t\t\t\t<div class=\"elementor-button-wrapper\">\n\t\t\t<a href=\"https:\/\/www.testberichte.de\/p\/followme-tests\/eltern-kind-tandemkupplung-testbericht.html\" target=\"_blank\" class=\"elementor-button-link elementor-button elementor-size-md\" role=\"button\">\n\t\t\t\t\t\t<span class=\"elementor-button-content-wrapper\">\n\t\t\t\t\t\t\t<span class=\"elementor-button-icon elementor-align-icon-left\">\n\t\t\t\t<i aria-hidden=\"true\" class=\"fas fa-link\"><\/i>\t\t\t<\/span>\n\t\t\t\t\t\t<span class=\"elementor-button-text\">Testbericht lesen<\/span>\n\t\t<\/span>\n\t\t\t\t\t<\/a>\n\t\t<\/div>\n\t\t\t\t<\/div>\n\t\t\t\t<\/div>\n\t\t\t\t<div class=\"elementor-element elementor-element-d68e577 elementor-widget-divider--view-line elementor-widget elementor-widget-divider\" data-id=\"d68e577\" data-element_type=\"widget\" data-widget_type=\"divider.default\">\n\t\t\t\t<div class=\"elementor-widget-container\">\n\t\t\t\t\t<div class=\"elementor-divider\">\n\t\t\t<span class=\"elementor-divider-separator\">\n\t\t\t\t\t\t<\/span>\n\t\t<\/div>\n\t\t\t\t<\/div>\n\t\t\t\t<\/div>\n\t\t\t\t<div class=\"elementor-element elementor-element-5b4cb9f elementor-widget elementor-widget-text-editor\" data-id=\"5b4cb9f\" data-element_type=\"widget\" data-widget_type=\"text-editor.default\">\n\t\t\t\t<div class=\"elementor-widget-container\">\n\t\t\t\t\t\t\t<p style=\"text-align: left;\"><span style=\"font-family: arial, helvetica, sans-serif;\"><strong>ALPIN | Heft 6\/2013 | 3 Produkte im Test<\/strong><\/span><\/p><p style=\"text-align: left;\"><span style=\"font-family: arial, helvetica, sans-serif;\"><img loading=\"lazy\" decoding=\"async\" class=\"alignleft wp-image-478 size-full\" style=\"margin: 0px 20px 10px 0px;\" src=\"https:\/\/family-cycling.com\/83749289Sa-family-cycling-deutsch\/wp-content\/uploads\/test-alpin.png\" alt=\"Test Alpin\" width=\"100\" height=\"35\" \/><strong>ohne Endnote<\/strong><\/span><\/p><p style=\"text-align: left;\"><span style=\"font-family: arial, helvetica, sans-serif;\">\u201eTrotz der schweren vier Kilogramm Eigengewicht die beste L\u00f6sung f\u00fcr alle Fully-Fahrer, die den Nachwuchs auf Tour hin und wieder ziehen m\u00f6chten oder m\u00fcssen. &#8230;\u201c<\/span><\/p><hr \/><p>\u00a0<\/p><p style=\"text-align: left;\"><strong><span style=\"font-family: arial, helvetica, sans-serif;\">aktiv Radfahren | Heft 7-8\/2011 | Einzeltest<\/span><\/strong><\/p><p style=\"text-align: left;\"><span style=\"font-family: arial, helvetica, sans-serif;\"><img loading=\"lazy\" decoding=\"async\" class=\"alignleft wp-image-477 size-full\" style=\"margin: 0px 20px 10px 0px;\" src=\"https:\/\/family-cycling.com\/83749289Sa-family-cycling-deutsch\/wp-content\/uploads\/test-aktiv-radfahren.png\" alt=\"Test aktiv Radfahren\" width=\"100\" height=\"19\" \/><strong>&#8222;sehr gut&#8220;<\/strong><\/span><\/p><p style=\"text-align: left;\"><span style=\"font-family: arial, helvetica, sans-serif;\">\u201eInsgesamt sehen wir den FollowMe als \u00e4usserst sinnvolles Zubeh\u00f6r, welches im Sinne des Wortes viele Horizonterweiterungen erm\u00f6glicht. Die Handhabung ist gut, Qualit\u00e4t, Sicherheit und Fahreindr\u00fccke bewerten wir mit sehr gut.\u201c<\/span><\/p><hr \/><p>\u00a0<\/p><p style=\"text-align: left;\"><strong><span style=\"font-family: arial, helvetica, sans-serif;\">ADAC Motorwelt | Heft 5\/2010 | Platz 1 von 2<\/span><\/strong><\/p><p style=\"text-align: left;\"><span style=\"font-family: arial, helvetica, sans-serif;\"><img loading=\"lazy\" decoding=\"async\" class=\"alignleft wp-image-476 size-full\" style=\"margin: 0px 20px 10px 0px;\" src=\"https:\/\/family-cycling.com\/83749289Sa-family-cycling-deutsch\/wp-content\/uploads\/test-adac-motorwelt.png\" alt=\"Test ADAC Motorwelt\" width=\"100\" height=\"20\" \/><strong>&#8222;gut (2,5)&#8220;<\/strong><\/span><\/p><p style=\"text-align: left;\"><span style=\"font-family: arial, helvetica, sans-serif;\">\u201eInsgesamt sehen wir den FollowMe als \u00e4usserst sinnvolles Zubeh\u00f6r, welches im Sinne des Wortes viele Horizonterweiterungen erm\u00f6glicht. Die Handhabung ist gut, Qualit\u00e4t, Sicherheit und Fahreindr\u00fccke bewerten wir mit sehr gut.\u201c<\/span><\/p><p style=\"text-align: left;\"><span style=\"font-family: arial, helvetica, sans-serif;\">Fahren (35%): \u201ebefriedigend\u201c (2,7);<\/span><br \/><span style=\"font-family: arial, helvetica, sans-serif;\">Komfort f\u00fcrs Kind (20%): \u201ebefriedigend\u201c (3,0);<\/span><br \/><span style=\"font-family: arial, helvetica, sans-serif;\">Handhabung (20%): \u201egut\u201c (2,4);<\/span><br \/><span style=\"font-family: arial, helvetica, sans-serif;\">Sicherheit (15%): \u201egut\u201c (2,2);<\/span><br \/><span style=\"font-family: arial, helvetica, sans-serif;\">Haltbarkeit (5%): \u201esehr gut\u201c (1,0);<\/span><br \/><span style=\"font-family: arial, helvetica, sans-serif;\">Schadstoffe (5%): \u201esehr gut\u201c (1,0).<\/span><\/p><hr \/><p>\u00a0<\/p><p style=\"text-align: left;\"><strong><span style=\"font-family: arial, helvetica, sans-serif;\">Stiftung Warentest | Heft 5\/2010 | Platz 1 von 2<\/span><\/strong><\/p><p style=\"text-align: left;\"><span style=\"font-family: arial, helvetica, sans-serif;\"><strong>&#8222;gut (<\/strong><img loading=\"lazy\" decoding=\"async\" class=\"alignleft wp-image-463 size-full\" style=\"margin: 0px 20px 10px 0px;\" src=\"https:\/\/family-cycling.com\/83749289Sa-family-cycling-deutsch\/wp-content\/uploads\/test-stiftung-warentest.jpg\" alt=\"Test Stiftung Warentest\" width=\"67\" height=\"100\" \/><strong>2,5)&#8220;<\/strong><\/span><\/p><p style=\"text-align: left;\"><span style=\"font-family: arial, helvetica, sans-serif;\">\u201eTestsieger\u201c<\/span><br \/><span style=\"font-family: arial, helvetica, sans-serif;\">\u201e\u201aGutes\u2018, aber relativ teures Zugsystem. Der Montagebolzen passt bei fast allen R\u00e4dern. Vorderrad wird fixiert. Nach der Erstmontage ist ein schnelles An- und Abkuppeln m\u00f6glich. Geringer Platzbedarf.\u201c<\/span><\/p><hr \/><p>\u00a0<\/p><p style=\"text-align: left;\"><strong><span style=\"font-family: arial, helvetica, sans-serif;\">Trekkingbike | Heft 4\/2008 | 4 Produkte im Test<\/span><\/strong><\/p><p style=\"text-align: left;\"><span style=\"font-family: arial, helvetica, sans-serif;\"><img loading=\"lazy\" decoding=\"async\" class=\"alignleft wp-image-479 size-full\" style=\"margin: 0px 20px 10px 0px;\" src=\"https:\/\/family-cycling.com\/83749289Sa-family-cycling-deutsch\/wp-content\/uploads\/test-trekkingbike.png\" alt=\"Test Trekkingbike\" width=\"100\" height=\"21\" \/><strong>ohne Endnote<\/strong><\/span><\/p><p style=\"text-align: left;\"><span style=\"font-family: arial, helvetica, sans-serif;\">Preis\/Leistung: 5 von 6 Punkten<\/span><br \/><span style=\"font-family: arial, helvetica, sans-serif;\">\u201eVorteil(e): hohe Verwindungssteifigkeit durch zwei senkrecht \u00fcbereinanderliegende Befestigungspunkte; beansprucht wenig Platz in Keller oder Garage.<\/span><br \/><span style=\"font-family: arial, helvetica, sans-serif;\">Nachteil(e): Demontage der Halterung vom Zugrad erfordert Kraft und zugleich Pr\u00e4zision\u201c<\/span><\/p><hr \/><p>\u00a0<\/p><p style=\"text-align: left;\"><strong><span style=\"font-family: arial, helvetica, sans-serif;\">Trekkingbike | Heft 1\/2005 | 3 Produkte im Test<\/span><\/strong><\/p><p style=\"text-align: left;\"><span style=\"font-family: arial, helvetica, sans-serif;\"><img loading=\"lazy\" decoding=\"async\" class=\"alignnone wp-image-479 size-full\" style=\"margin: 0px 20px 10px 0px;\" src=\"https:\/\/family-cycling.com\/83749289Sa-family-cycling-deutsch\/wp-content\/uploads\/test-trekkingbike.png\" alt=\"Test Trekkingbike\" width=\"100\" height=\"21\" \/><strong>&#8222;super&#8220;<\/strong><\/span><\/p><p style=\"text-align: left;\"><span style=\"font-family: arial, helvetica, sans-serif;\">\u201e&#8230;Sehr gute Abst\u00fctzung des Kinderrades, schnelles An- und Abkoppeln, sehr neutrales Fahrverhalten&#8230;\u201c<\/span><\/p>\t\t\t\t\t\t<\/div>\n\t\t\t\t<\/div>\n\t\t\t\t\t<\/div>\n\t\t<\/div>\n\t\t\t\t\t\t\t<\/div>\n\t\t<\/section>\n\t\t\t\t<section class=\"elementor-section elementor-top-section elementor-element elementor-element-1f111011 elementor-section-boxed elementor-section-height-default elementor-section-height-default\" data-id=\"1f111011\" data-element_type=\"section\">\n\t\t\t\t\t\t<div class=\"elementor-container elementor-column-gap-default\">\n\t\t\t\t\t<div class=\"elementor-column elementor-col-100 elementor-top-column elementor-element elementor-element-5debd8f\" data-id=\"5debd8f\" data-element_type=\"column\">\n\t\t\t<div class=\"elementor-widget-wrap elementor-element-populated\">\n\t\t\t\t\t\t\t\t<div class=\"elementor-element elementor-element-370fac6 elementor-widget elementor-widget-spacer\" data-id=\"370fac6\" data-element_type=\"widget\" data-widget_type=\"spacer.default\">\n\t\t\t\t<div class=\"elementor-widget-container\">\n\t\t\t\t\t<div class=\"elementor-spacer\">\n\t\t\t<div class=\"elementor-spacer-inner\"><\/div>\n\t\t<\/div>\n\t\t\t\t<\/div>\n\t\t\t\t<\/div>\n\t\t\t\t\t<\/div>\n\t\t<\/div>\n\t\t\t\t\t\t\t<\/div>\n\t\t<\/section>\n\t\t\t\t\t\t\t<\/div>\n\t\t","protected":false},"excerpt":{"rendered":"<p>Test- und Presseberichte Stiftung Warentest Testsieger Testbericht lesen ADAC Testsieger Testbericht lesen Test von Testberichte.de Testbericht lesen ALPIN | Heft 6\/2013 | 3 Produkte im Test ohne Endnote \u201eTrotz der schweren vier Kilogramm Eigengewicht die beste L\u00f6sung f\u00fcr alle Fully-Fahrer, die den Nachwuchs auf Tour hin und wieder ziehen m\u00f6chten oder m\u00fcssen. &#8230;\u201c \u00a0 aktiv [&hellip;]<\/p>\n","protected":false},"author":1,"featured_media":0,"parent":0,"menu_order":0,"comment_status":"closed","ping_status":"closed","template":"","meta":{"footnotes":""},"class_list":["post-74","page","type-page","status-publish","hentry","entry"],"_links":{"self":[{"href":"https:\/\/family-cycling.com\/83749289Sa-family-cycling-deutsch\/wp-json\/wp\/v2\/pages\/74","targetHints":{"allow":["GET"]}}],"collection":[{"href":"https:\/\/family-cycling.com\/83749289Sa-family-cycling-deutsch\/wp-json\/wp\/v2\/pages"}],"about":[{"href":"https:\/\/family-cycling.com\/83749289Sa-family-cycling-deutsch\/wp-json\/wp\/v2\/types\/page"}],"author":[{"embeddable":true,"href":"https:\/\/family-cycling.com\/83749289Sa-family-cycling-deutsch\/wp-json\/wp\/v2\/users\/1"}],"replies":[{"embeddable":true,"href":"https:\/\/family-cycling.com\/83749289Sa-family-cycling-deutsch\/wp-json\/wp\/v2\/comments?post=74"}],"version-history":[{"count":119,"href":"https:\/\/family-cycling.com\/83749289Sa-family-cycling-deutsch\/wp-json\/wp\/v2\/pages\/74\/revisions"}],"predecessor-version":[{"id":2487,"href":"https:\/\/family-cycling.com\/83749289Sa-family-cycling-deutsch\/wp-json\/wp\/v2\/pages\/74\/revisions\/2487"}],"wp:attachment":[{"href":"https:\/\/family-cycling.com\/83749289Sa-family-cycling-deutsch\/wp-json\/wp\/v2\/media?parent=74"}],"curies":[{"name":"wp","href":"https:\/\/api.w.org\/{rel}","templated":true}]}}