{"id":80,"date":"2014-01-26T18:33:50","date_gmt":"2014-01-26T16:33:50","guid":{"rendered":"http:\/\/family-cycling.com\/wp-family-cycling\/?page_id=80"},"modified":"2023-01-20T17:01:03","modified_gmt":"2023-01-20T16:01:03","slug":"voraussetzung-am-fahrrad","status":"publish","type":"page","link":"https:\/\/family-cycling.com\/83749289Sa-family-cycling-deutsch\/voraussetzung-am-fahrrad\/","title":{"rendered":"Voraussetzung am Fahrrad"},"content":{"rendered":"\t\t<div data-elementor-type=\"wp-page\" data-elementor-id=\"80\" class=\"elementor elementor-80\">\n\t\t\t\t\t\t\t\t\t<section class=\"elementor-section elementor-top-section elementor-element elementor-element-60a499fc elementor-section-full_width elementor-section-height-min-height elementor-section-height-default elementor-section-items-middle\" data-id=\"60a499fc\" data-element_type=\"section\" data-settings=\"{&quot;background_background&quot;:&quot;slideshow&quot;,&quot;background_slideshow_slide_duration&quot;:3882,&quot;background_slideshow_transition_duration&quot;:2000,&quot;background_slideshow_gallery&quot;:[{&quot;id&quot;:961,&quot;url&quot;:&quot;https:\\\/\\\/family-cycling.com\\\/83749289Sa-family-cycling-deutsch\\\/wp-content\\\/uploads\\\/followme-umbau-pause-03.jpg&quot;}],&quot;background_slideshow_slide_transition&quot;:&quot;fade&quot;}\">\n\t\t\t\t\t\t<div class=\"elementor-container elementor-column-gap-default\">\n\t\t\t\t\t<div class=\"elementor-column elementor-col-100 elementor-top-column elementor-element elementor-element-625f76d0\" data-id=\"625f76d0\" data-element_type=\"column\">\n\t\t\t<div class=\"elementor-widget-wrap\">\n\t\t\t\t\t\t\t\t\t<\/div>\n\t\t<\/div>\n\t\t\t\t\t\t\t<\/div>\n\t\t<\/section>\n\t\t\t\t<section class=\"elementor-section elementor-top-section elementor-element elementor-element-abdb5e4 elementor-section-boxed elementor-section-height-default elementor-section-height-default\" data-id=\"abdb5e4\" data-element_type=\"section\">\n\t\t\t\t\t\t<div class=\"elementor-container elementor-column-gap-default\">\n\t\t\t\t\t<div class=\"elementor-column elementor-col-100 elementor-top-column elementor-element elementor-element-ab72c2d\" data-id=\"ab72c2d\" data-element_type=\"column\">\n\t\t\t<div class=\"elementor-widget-wrap elementor-element-populated\">\n\t\t\t\t\t\t\t\t<div class=\"elementor-element elementor-element-f1f0f9b elementor-widget elementor-widget-spacer\" data-id=\"f1f0f9b\" data-element_type=\"widget\" data-widget_type=\"spacer.default\">\n\t\t\t\t<div class=\"elementor-widget-container\">\n\t\t\t<style>\/*! elementor - v3.10.2 - 29-01-2023 *\/\n.elementor-column .elementor-spacer-inner{height:var(--spacer-size)}.e-con{--container-widget-width:100%}.e-con-inner>.elementor-widget-spacer,.e-con>.elementor-widget-spacer{width:var(--container-widget-width,var(--spacer-size));--align-self:var(--container-widget-align-self,initial);--flex-shrink:0}.e-con-inner>.elementor-widget-spacer>.elementor-widget-container,.e-con-inner>.elementor-widget-spacer>.elementor-widget-container>.elementor-spacer,.e-con>.elementor-widget-spacer>.elementor-widget-container,.e-con>.elementor-widget-spacer>.elementor-widget-container>.elementor-spacer{height:100%}.e-con-inner>.elementor-widget-spacer>.elementor-widget-container>.elementor-spacer>.elementor-spacer-inner,.e-con>.elementor-widget-spacer>.elementor-widget-container>.elementor-spacer>.elementor-spacer-inner{height:var(--container-widget-height,var(--spacer-size))}<\/style>\t\t<div class=\"elementor-spacer\">\n\t\t\t<div class=\"elementor-spacer-inner\"><\/div>\n\t\t<\/div>\n\t\t\t\t<\/div>\n\t\t\t\t<\/div>\n\t\t\t\t\t<\/div>\n\t\t<\/div>\n\t\t\t\t\t\t\t<\/div>\n\t\t<\/section>\n\t\t\t\t<section class=\"elementor-section elementor-top-section elementor-element elementor-element-478634a4 elementor-section-boxed elementor-section-height-default elementor-section-height-default\" data-id=\"478634a4\" data-element_type=\"section\">\n\t\t\t\t\t\t<div class=\"elementor-container elementor-column-gap-default\">\n\t\t\t\t\t<div class=\"elementor-column elementor-col-33 elementor-top-column elementor-element elementor-element-325504fc\" data-id=\"325504fc\" data-element_type=\"column\">\n\t\t\t<div class=\"elementor-widget-wrap elementor-element-populated\">\n\t\t\t\t\t\t\t\t<div class=\"elementor-element elementor-element-34d5e523 elementor-widget__width-initial elementor-widget elementor-widget-wp-widget-ocean_custom_menu\" data-id=\"34d5e523\" data-element_type=\"widget\" data-widget_type=\"wp-widget-ocean_custom_menu.default\">\n\t\t\t\t<div class=\"elementor-widget-container\">\n\t\t\t<style type=\"text\/css\">.ocean_custom_menu-REPLACE_TO_ID > ul > li > a, .custom-menu-widget .ocean_custom_menu-REPLACE_TO_ID .dropdown-menu .sub-menu li a.menu-link{color:#666;font-size:16px;}.custom-menu-widget .ocean_custom_menu-REPLACE_TO_ID.oceanwp-custom-menu > ul.click-menu .open-this{color:#666;font-size:16px;}.ocean_custom_menu-REPLACE_TO_ID > ul > li > a:hover, .custom-menu-widget .ocean_custom_menu-REPLACE_TO_ID .dropdown-menu .sub-menu li a.menu-link:hover{color:#E30505;}.custom-menu-widget .ocean_custom_menu-REPLACE_TO_ID.oceanwp-custom-menu > ul.click-menu .open-this:hover{color:#E30505;}<\/style><div class=\"oceanwp-custom-menu clr ocean_custom_menu-REPLACE_TO_ID left dropdown-hover\"><ul id=\"menu-ratgeber\" class=\"dropdown-menu sf-menu\"><li  id=\"menu-item-1721\" class=\"menu-item menu-item-type-post_type menu-item-object-page menu-item-1721\"><a href=\"https:\/\/family-cycling.com\/83749289Sa-family-cycling-deutsch\/followme-systemvergleich\/\" class=\"menu-link\">> FollowMe Systemvergleich<\/a><\/li>\n<li  id=\"menu-item-1720\" class=\"menu-item menu-item-type-post_type menu-item-object-page menu-item-1720\"><a href=\"https:\/\/family-cycling.com\/83749289Sa-family-cycling-deutsch\/voraussetzung-am-fahrrad\/\" class=\"menu-link\">> Voraussetzung am Fahrrad<\/a><\/li>\n<li  id=\"menu-item-1719\" class=\"menu-item menu-item-type-post_type menu-item-object-page menu-item-1719\"><a href=\"https:\/\/family-cycling.com\/83749289Sa-family-cycling-deutsch\/followme-an-e-bikes\/\" class=\"menu-link\">> FollowMe an E-Bikes<\/a><\/li>\n<li  id=\"menu-item-1718\" class=\"menu-item menu-item-type-post_type menu-item-object-page menu-item-1718\"><a href=\"https:\/\/family-cycling.com\/83749289Sa-family-cycling-deutsch\/fragen-und-antworten-faq\/\" class=\"menu-link\">> Fragen und Antworten (FAQ)<\/a><\/li>\n<\/ul><\/div>\t\t<\/div>\n\t\t\t\t<\/div>\n\t\t\t\t<div class=\"elementor-element elementor-element-b1e680f elementor-widget elementor-widget-spacer\" data-id=\"b1e680f\" data-element_type=\"widget\" data-widget_type=\"spacer.default\">\n\t\t\t\t<div class=\"elementor-widget-container\">\n\t\t\t\t\t<div class=\"elementor-spacer\">\n\t\t\t<div class=\"elementor-spacer-inner\"><\/div>\n\t\t<\/div>\n\t\t\t\t<\/div>\n\t\t\t\t<\/div>\n\t\t\t\t\t<\/div>\n\t\t<\/div>\n\t\t\t\t<div class=\"elementor-column elementor-col-66 elementor-top-column elementor-element elementor-element-6aee4bb1\" data-id=\"6aee4bb1\" data-element_type=\"column\">\n\t\t\t<div class=\"elementor-widget-wrap elementor-element-populated\">\n\t\t\t\t\t\t\t\t<div class=\"elementor-element elementor-element-192472b elementor-widget elementor-widget-text-editor\" data-id=\"192472b\" data-element_type=\"widget\" data-widget_type=\"text-editor.default\">\n\t\t\t\t<div class=\"elementor-widget-container\">\n\t\t\t<style>\/*! elementor - v3.10.2 - 29-01-2023 *\/\n.elementor-widget-text-editor.elementor-drop-cap-view-stacked .elementor-drop-cap{background-color:#818a91;color:#fff}.elementor-widget-text-editor.elementor-drop-cap-view-framed .elementor-drop-cap{color:#818a91;border:3px solid;background-color:transparent}.elementor-widget-text-editor:not(.elementor-drop-cap-view-default) .elementor-drop-cap{margin-top:8px}.elementor-widget-text-editor:not(.elementor-drop-cap-view-default) .elementor-drop-cap-letter{width:1em;height:1em}.elementor-widget-text-editor .elementor-drop-cap{float:left;text-align:center;line-height:1;font-size:50px}.elementor-widget-text-editor .elementor-drop-cap-letter{display:inline-block}<\/style>\t\t\t\t<h2 style=\"text-align: left;\"><span style=\"font-family: arial, helvetica, sans-serif;\">Voraussetzung am Fahrrad<\/span><\/h2><p style=\"text-align: left;\"><span style=\"font-family: arial, helvetica, sans-serif;\">Passt die FollowMe Eltern-Kind Tandemkupplung an unsere Fahrr\u00e4der?<img loading=\"lazy\" decoding=\"async\" class=\"alignleft wp-image-528 size-full\" src=\"https:\/\/family-cycling.com\/83749289Sa-family-cycling-deutsch\/wp-content\/uploads\/followme-passende-kupplung.jpg\" alt=\"Followme passende Kupplung\" width=\"600\" height=\"438\" srcset=\"https:\/\/family-cycling.com\/83749289Sa-family-cycling-deutsch\/wp-content\/uploads\/followme-passende-kupplung.jpg 600w, https:\/\/family-cycling.com\/83749289Sa-family-cycling-deutsch\/wp-content\/uploads\/followme-passende-kupplung-300x219.jpg 300w\" sizes=\"auto, (max-width: 600px) 100vw, 600px\" \/><\/span><\/p><h3>\u00a0<\/h3><h3>\u00a0<\/h3><h3>\u00a0<\/h3><h3>\u00a0<\/h3><h3>\u00a0<\/h3><h3>\u00a0<\/h3><h3>\u00a0<\/h3><h3 style=\"text-align: left;\"><span style=\"font-family: arial, helvetica, sans-serif;\">Was Sie vor dem FollowMe Kauf beachten m\u00fcssen!<\/span><\/h3><p style=\"text-align: left;\"><span style=\"font-family: arial, helvetica, sans-serif;\">Da es unz\u00e4hlige Varianten von Fahrr\u00e4dern und Komponenten gibt, ist es wichtig, dass Sie vor dem FollowMe Kauf, Ihre, f\u00fcr die FollowMe Kombination vorgesehene Fahrr\u00e4der, gem\u00e4\u00df diesen Bildern vergleichen, etwelche erforderlichen Zusatzteile ausw\u00e4hlen und gleich mitbestellen.<\/span><\/p><hr \/><h3>\u00a0<\/h3><h3 style=\"text-align: left;\"><span style=\"font-family: arial, helvetica, sans-serif;\">1. Zugfahrrad<\/span><\/h3><h4><span style=\"font-family: arial, helvetica, sans-serif;\">1.1) Es gibt grunds\u00e4tzlich 3 verschiedene FollowMe-Aufnahmevarianten f\u00fcr:<\/span><\/h4><p style=\"text-align: left;\"><span style=\"font-family: arial, helvetica, sans-serif;\">A) Zugfahrrad mit Schnellspanner-\/Hohlachse (FollowMe Standardversion, Typ A)<\/span><\/p><p style=\"text-align: left;\"><span style=\"font-family: arial, helvetica, sans-serif;\"><img loading=\"lazy\" decoding=\"async\" class=\"alignnone wp-image-538 size-full\" src=\"https:\/\/family-cycling.com\/83749289Sa-family-cycling-deutsch\/wp-content\/uploads\/zugfahrrad-mit-schnellspanner1.jpg\" alt=\"Zugfahrrad mit Schnellspanner\" width=\"620\" height=\"229\" srcset=\"https:\/\/family-cycling.com\/83749289Sa-family-cycling-deutsch\/wp-content\/uploads\/zugfahrrad-mit-schnellspanner1.jpg 620w, https:\/\/family-cycling.com\/83749289Sa-family-cycling-deutsch\/wp-content\/uploads\/zugfahrrad-mit-schnellspanner1-300x110.jpg 300w\" sizes=\"auto, (max-width: 620px) 100vw, 620px\" \/><\/span><\/p><p style=\"text-align: left;\"><span style=\"font-family: arial, helvetica, sans-serif;\">B) Zugfahrrad mit Radmuttern-\/Vollachse (Typ B)<\/span><\/p><p style=\"text-align: left;\"><span style=\"font-family: arial, helvetica, sans-serif;\"><img loading=\"lazy\" decoding=\"async\" class=\"alignnone wp-image-540 size-full\" src=\"https:\/\/family-cycling.com\/83749289Sa-family-cycling-deutsch\/wp-content\/uploads\/zugfahrrad-radmuttern.jpg\" alt=\"Zugfahrrad Radmuttern\" width=\"620\" height=\"229\" srcset=\"https:\/\/family-cycling.com\/83749289Sa-family-cycling-deutsch\/wp-content\/uploads\/zugfahrrad-radmuttern.jpg 620w, https:\/\/family-cycling.com\/83749289Sa-family-cycling-deutsch\/wp-content\/uploads\/zugfahrrad-radmuttern-300x110.jpg 300w\" sizes=\"auto, (max-width: 620px) 100vw, 620px\" \/><\/span><\/p><p style=\"text-align: left;\"><span style=\"font-family: arial, helvetica, sans-serif;\">C) Zugfahrrad Nabenschaltung mit Schaltzug durch die Achse (Typ C)<\/span><\/p><p style=\"text-align: left;\"><span style=\"font-family: arial, helvetica, sans-serif;\"><img loading=\"lazy\" decoding=\"async\" class=\"alignnone wp-image-539 size-full\" src=\"https:\/\/family-cycling.com\/83749289Sa-family-cycling-deutsch\/wp-content\/uploads\/zugfahrrad-nabenschaltung.jpg\" alt=\"Zugfahrrad Nabenschaltung\" width=\"620\" height=\"229\" srcset=\"https:\/\/family-cycling.com\/83749289Sa-family-cycling-deutsch\/wp-content\/uploads\/zugfahrrad-nabenschaltung.jpg 620w, https:\/\/family-cycling.com\/83749289Sa-family-cycling-deutsch\/wp-content\/uploads\/zugfahrrad-nabenschaltung-300x110.jpg 300w\" sizes=\"auto, (max-width: 620px) 100vw, 620px\" \/><\/span><\/p><p style=\"text-align: left;\"><span style=\"font-family: arial, helvetica, sans-serif;\">F\u00fcr diese Schaltungstypen ist der \u201eSram-Adapter\u201c Art. Nr. 121.050 erforderlich.<\/span><\/p><p style=\"text-align: left;\"><span style=\"font-family: arial, helvetica, sans-serif;\"><img loading=\"lazy\" decoding=\"async\" class=\"alignnone wp-image-534 size-full\" src=\"https:\/\/family-cycling.com\/83749289Sa-family-cycling-deutsch\/wp-content\/uploads\/zugfahrrad-adapter-01.jpg\" alt=\"Zugfahrrad mit Sram-Adapter\" width=\"620\" height=\"229\" srcset=\"https:\/\/family-cycling.com\/83749289Sa-family-cycling-deutsch\/wp-content\/uploads\/zugfahrrad-adapter-01.jpg 620w, https:\/\/family-cycling.com\/83749289Sa-family-cycling-deutsch\/wp-content\/uploads\/zugfahrrad-adapter-01-300x110.jpg 300w\" sizes=\"auto, (max-width: 620px) 100vw, 620px\" \/><\/span><\/p><hr \/><h4>\u00a0<\/h4><h4 style=\"text-align: left;\"><span style=\"font-family: arial, helvetica, sans-serif;\">1.2) FollowMe Aufh\u00e4ngung am Sattel oder Gep\u00e4cktr\u00e4ger<\/span><\/h4><p style=\"text-align: left;\"><span style=\"font-family: arial, helvetica, sans-serif;\">Im FollowMe Standard-Montageset enthalten ist ein Riemen f\u00fcr die Aufh\u00e4ngung am Sattel, f\u00fcr MTB\u2018s ohne Gep\u00e4cktr\u00e4ger, oder am Gep\u00e4cktr\u00e4ger<\/span><\/p><p style=\"text-align: left;\"><span style=\"font-family: arial, helvetica, sans-serif;\"><img loading=\"lazy\" decoding=\"async\" class=\"alignnone wp-image-541 size-full\" src=\"https:\/\/family-cycling.com\/83749289Sa-family-cycling-deutsch\/wp-content\/uploads\/zugfahrrad-sattelaufhaengung.jpg\" alt=\"Zugfahrrad Sattelaufh\u00e4ngung\" width=\"620\" height=\"229\" srcset=\"https:\/\/family-cycling.com\/83749289Sa-family-cycling-deutsch\/wp-content\/uploads\/zugfahrrad-sattelaufhaengung.jpg 620w, https:\/\/family-cycling.com\/83749289Sa-family-cycling-deutsch\/wp-content\/uploads\/zugfahrrad-sattelaufhaengung-300x110.jpg 300w\" sizes=\"auto, (max-width: 620px) 100vw, 620px\" \/><\/span><\/p><p style=\"text-align: left;\"><span style=\"font-family: arial, helvetica, sans-serif;\">Ist am Gep\u00e4cktr\u00e4ger ein nach hinten \u00fcberstehendes R\u00fccklicht angebracht, ist die Aufh\u00e4ngung mit dem Standardriemen unm\u00f6glich.<\/span><br \/><span style=\"font-family: arial, helvetica, sans-serif;\">Der Aufh\u00e4ngeb\u00fcgel \u201eTop-Light\u201c ist hierf\u00fcr erforderlich.<\/span><\/p><p style=\"text-align: left;\"><span style=\"font-family: arial, helvetica, sans-serif;\"><img loading=\"lazy\" decoding=\"async\" class=\"alignnone wp-image-535 size-full\" src=\"https:\/\/family-cycling.com\/83749289Sa-family-cycling-deutsch\/wp-content\/uploads\/zugfahrrad-aufhaengebuegel.jpg\" alt=\"Zugfahrrad Aufh\u00e4ngeb\u00fcgel\" width=\"620\" height=\"229\" srcset=\"https:\/\/family-cycling.com\/83749289Sa-family-cycling-deutsch\/wp-content\/uploads\/zugfahrrad-aufhaengebuegel.jpg 620w, https:\/\/family-cycling.com\/83749289Sa-family-cycling-deutsch\/wp-content\/uploads\/zugfahrrad-aufhaengebuegel-300x110.jpg 300w\" sizes=\"auto, (max-width: 620px) 100vw, 620px\" \/><\/span><\/p><hr \/><h3>\u00a0<\/h3><h3 style=\"text-align: left;\"><span style=\"font-family: arial, helvetica, sans-serif;\">2. Kinderfahrrad<\/span><\/h3><p style=\"text-align: left;\"><span style=\"font-family: arial, helvetica, sans-serif;\">F\u00fcr die Fixierung des Kinderfahrrades am FollowMe m\u00fcssen folgende Voraussetzungen gegeben sein:<\/span><\/p><h4>\u00a0<\/h4><h4 style=\"text-align: left;\"><span style=\"font-family: arial, helvetica, sans-serif;\">2.1) Radgr\u00f6sse:<\/span><\/h4><p style=\"text-align: left;\"><span style=\"font-family: arial, helvetica, sans-serif;\">Kinderr\u00e4der von 12\u201c bis einschliesslich 20\u201c Radgr\u00f6sse. Dies entspricht etwa 30 cm bis 50 cm Reifendurchmesser.<\/span><\/p><hr \/><h4>\u00a0<\/h4><h4 style=\"text-align: left;\"><span style=\"font-family: arial, helvetica, sans-serif;\">2.2) Rahmen:<\/span><\/h4><p style=\"text-align: left;\"><span style=\"font-family: arial, helvetica, sans-serif;\">Die Rahmengeometrie muss Derjenigen eines Fahrrades entsprechen \u2013 wichtig ist das Unterrohr zur Anbringung der FollowMe Einh\u00e4ngeklammer.<\/span><\/p><p style=\"text-align: left;\"><span style=\"font-family: arial, helvetica, sans-serif;\"><img loading=\"lazy\" decoding=\"async\" class=\"alignnone wp-image-537 size-full\" src=\"https:\/\/family-cycling.com\/83749289Sa-family-cycling-deutsch\/wp-content\/uploads\/zugfahrrad-fahrradgroesse.jpg\" alt=\"Kinderfahrrad Gr\u00f6sse\" width=\"620\" height=\"229\" srcset=\"https:\/\/family-cycling.com\/83749289Sa-family-cycling-deutsch\/wp-content\/uploads\/zugfahrrad-fahrradgroesse.jpg 620w, https:\/\/family-cycling.com\/83749289Sa-family-cycling-deutsch\/wp-content\/uploads\/zugfahrrad-fahrradgroesse-300x110.jpg 300w\" sizes=\"auto, (max-width: 620px) 100vw, 620px\" \/><\/span><\/p><hr \/><h4>\u00a0<\/h4><h4 style=\"text-align: left;\"><span style=\"font-family: arial, helvetica, sans-serif;\">2.3) Vorderradgabel:<\/span><\/h4><p style=\"text-align: left;\"><span style=\"font-family: arial, helvetica, sans-serif;\">Ob gefederte oder ungefederte Gabel \u2013 beides ist m\u00f6glich, jedoch m\u00fcssen folgende Abmessungen eingehalten werden:<\/span><\/p><p style=\"text-align: left;\"><span style=\"font-family: arial, helvetica, sans-serif;\">1. Maximalbreite Holmen 155 mm (X) \/ Konventionelle Gabeln sind problemlos<\/span><\/p><p style=\"text-align: left;\"><span style=\"font-family: arial, helvetica, sans-serif;\"><img loading=\"lazy\" decoding=\"async\" class=\"alignnone wp-image-544 size-full\" src=\"https:\/\/family-cycling.com\/83749289Sa-family-cycling-deutsch\/wp-content\/uploads\/zug-homenbreite.jpg\" alt=\"Holmenbreite\" width=\"350\" height=\"229\" srcset=\"https:\/\/family-cycling.com\/83749289Sa-family-cycling-deutsch\/wp-content\/uploads\/zug-homenbreite.jpg 350w, https:\/\/family-cycling.com\/83749289Sa-family-cycling-deutsch\/wp-content\/uploads\/zug-homenbreite-300x196.jpg 300w, https:\/\/family-cycling.com\/83749289Sa-family-cycling-deutsch\/wp-content\/uploads\/zug-homenbreite-349x229.jpg 349w\" sizes=\"auto, (max-width: 350px) 100vw, 350px\" \/><\/span><\/p><p style=\"text-align: left;\"><span style=\"font-family: arial, helvetica, sans-serif;\">2. Holmenende \u00fcber Achszentrum<\/span><\/p><p style=\"text-align: left;\"><span style=\"font-family: arial, helvetica, sans-serif;\"><img loading=\"lazy\" decoding=\"async\" class=\"alignnone wp-image-574 size-full\" src=\"https:\/\/family-cycling.com\/83749289Sa-family-cycling-deutsch\/wp-content\/uploads\/zug-holmenende-radachszentrum1.jpg\" alt=\"Holmenende Radachszentrum\" width=\"620\" height=\"251\" srcset=\"https:\/\/family-cycling.com\/83749289Sa-family-cycling-deutsch\/wp-content\/uploads\/zug-holmenende-radachszentrum1.jpg 620w, https:\/\/family-cycling.com\/83749289Sa-family-cycling-deutsch\/wp-content\/uploads\/zug-holmenende-radachszentrum1-300x121.jpg 300w\" sizes=\"auto, (max-width: 620px) 100vw, 620px\" \/><\/span><\/p><hr \/><h4>\u00a0<\/h4><h4 style=\"text-align: left;\"><span style=\"font-family: arial, helvetica, sans-serif;\">2.4) Schnellspanner<\/span><\/h4><p style=\"text-align: left;\"><span style=\"font-family: arial, helvetica, sans-serif;\">Ist das Vorderrad mit einem Schnellspanner (Hohlachse) befestigt, ist FollowMe Artikel Nr. 131.400 unbedingt erforderlich und separat zu erwerben.<\/span><\/p><p style=\"text-align: left;\"><span style=\"font-family: arial, helvetica, sans-serif;\"><img loading=\"lazy\" decoding=\"async\" class=\"alignnone wp-image-542 size-full\" src=\"https:\/\/family-cycling.com\/83749289Sa-family-cycling-deutsch\/wp-content\/uploads\/zugfahrrad-schnellspanner.jpg\" alt=\"Zugfahrrad mit Schnellspanner\" width=\"620\" height=\"229\" srcset=\"https:\/\/family-cycling.com\/83749289Sa-family-cycling-deutsch\/wp-content\/uploads\/zugfahrrad-schnellspanner.jpg 620w, https:\/\/family-cycling.com\/83749289Sa-family-cycling-deutsch\/wp-content\/uploads\/zugfahrrad-schnellspanner-300x110.jpg 300w\" sizes=\"auto, (max-width: 620px) 100vw, 620px\" \/><\/span><\/p><hr \/><h4>\u00a0<\/h4><h4 style=\"text-align: left;\"><span style=\"font-family: arial, helvetica, sans-serif;\">2.5) Dynamo-Nabe<\/span><\/h4><p style=\"text-align: left;\"><span style=\"font-family: arial, helvetica, sans-serif;\">R\u00e4der mit Dynamonabe stellen kein Problem dar. Im FollowMe Montage-Set sind die Achsverl\u00e4ngerungsmuttern M 9 x 1 (Art. Nr. 131.500)<\/span><br \/><span style=\"font-family: arial, helvetica, sans-serif;\">f\u00fcr die meist verbreiteten Dynamonaben von Shimano, seit 2010 bereits enthalten.<\/span><\/p><p style=\"text-align: left;\"><span style=\"font-family: arial, helvetica, sans-serif;\"><img loading=\"lazy\" decoding=\"async\" class=\"alignnone wp-image-536 size-full\" src=\"https:\/\/family-cycling.com\/83749289Sa-family-cycling-deutsch\/wp-content\/uploads\/zugfahrrad-dynamo-nabe.jpg\" alt=\"Zugfahrrad Dynamo-Nabe\" width=\"620\" height=\"229\" srcset=\"https:\/\/family-cycling.com\/83749289Sa-family-cycling-deutsch\/wp-content\/uploads\/zugfahrrad-dynamo-nabe.jpg 620w, https:\/\/family-cycling.com\/83749289Sa-family-cycling-deutsch\/wp-content\/uploads\/zugfahrrad-dynamo-nabe-300x110.jpg 300w\" sizes=\"auto, (max-width: 620px) 100vw, 620px\" \/><\/span><\/p>\t\t\t\t\t\t<\/div>\n\t\t\t\t<\/div>\n\t\t\t\t<div class=\"elementor-element elementor-element-504e3eb elementor-widget elementor-widget-text-editor\" data-id=\"504e3eb\" data-element_type=\"widget\" data-widget_type=\"text-editor.default\">\n\t\t\t\t<div class=\"elementor-widget-container\">\n\t\t\t\t\t\t\t<p style=\"text-align: left;\"><strong><span style=\"color: #808080; font-family: arial, helvetica, sans-serif; font-size: 14pt;\">Bei Fragen wenden Sie sich bitte an Ihren Fachh\u00e4ndler.<\/span><\/strong><\/p>\t\t\t\t\t\t<\/div>\n\t\t\t\t<\/div>\n\t\t\t\t\t<\/div>\n\t\t<\/div>\n\t\t\t\t\t\t\t<\/div>\n\t\t<\/section>\n\t\t\t\t<section class=\"elementor-section elementor-top-section elementor-element elementor-element-ea368a0 elementor-section-boxed elementor-section-height-default elementor-section-height-default\" data-id=\"ea368a0\" data-element_type=\"section\">\n\t\t\t\t\t\t<div class=\"elementor-container elementor-column-gap-default\">\n\t\t\t\t\t<div class=\"elementor-column elementor-col-100 elementor-top-column elementor-element elementor-element-347bc041\" data-id=\"347bc041\" data-element_type=\"column\">\n\t\t\t<div class=\"elementor-widget-wrap elementor-element-populated\">\n\t\t\t\t\t\t\t\t<div class=\"elementor-element elementor-element-c483461 elementor-widget elementor-widget-spacer\" data-id=\"c483461\" data-element_type=\"widget\" data-widget_type=\"spacer.default\">\n\t\t\t\t<div class=\"elementor-widget-container\">\n\t\t\t\t\t<div class=\"elementor-spacer\">\n\t\t\t<div class=\"elementor-spacer-inner\"><\/div>\n\t\t<\/div>\n\t\t\t\t<\/div>\n\t\t\t\t<\/div>\n\t\t\t\t\t<\/div>\n\t\t<\/div>\n\t\t\t\t\t\t\t<\/div>\n\t\t<\/section>\n\t\t\t\t\t\t\t<\/div>\n\t\t","protected":false},"excerpt":{"rendered":"<p>Voraussetzung am Fahrrad Passt die FollowMe Eltern-Kind Tandemkupplung an unsere Fahrr\u00e4der? \u00a0 \u00a0 \u00a0 \u00a0 \u00a0 \u00a0 \u00a0 Was Sie vor dem FollowMe Kauf beachten m\u00fcssen! Da es unz\u00e4hlige Varianten von Fahrr\u00e4dern und Komponenten gibt, ist es wichtig, dass Sie vor dem FollowMe Kauf, Ihre, f\u00fcr die FollowMe Kombination vorgesehene Fahrr\u00e4der, gem\u00e4\u00df diesen Bildern vergleichen, [&hellip;]<\/p>\n","protected":false},"author":1,"featured_media":0,"parent":0,"menu_order":0,"comment_status":"closed","ping_status":"closed","template":"","meta":{"footnotes":""},"class_list":["post-80","page","type-page","status-publish","hentry","entry"],"_links":{"self":[{"href":"https:\/\/family-cycling.com\/83749289Sa-family-cycling-deutsch\/wp-json\/wp\/v2\/pages\/80","targetHints":{"allow":["GET"]}}],"collection":[{"href":"https:\/\/family-cycling.com\/83749289Sa-family-cycling-deutsch\/wp-json\/wp\/v2\/pages"}],"about":[{"href":"https:\/\/family-cycling.com\/83749289Sa-family-cycling-deutsch\/wp-json\/wp\/v2\/types\/page"}],"author":[{"embeddable":true,"href":"https:\/\/family-cycling.com\/83749289Sa-family-cycling-deutsch\/wp-json\/wp\/v2\/users\/1"}],"replies":[{"embeddable":true,"href":"https:\/\/family-cycling.com\/83749289Sa-family-cycling-deutsch\/wp-json\/wp\/v2\/comments?post=80"}],"version-history":[{"count":110,"href":"https:\/\/family-cycling.com\/83749289Sa-family-cycling-deutsch\/wp-json\/wp\/v2\/pages\/80\/revisions"}],"predecessor-version":[{"id":2541,"href":"https:\/\/family-cycling.com\/83749289Sa-family-cycling-deutsch\/wp-json\/wp\/v2\/pages\/80\/revisions\/2541"}],"wp:attachment":[{"href":"https:\/\/family-cycling.com\/83749289Sa-family-cycling-deutsch\/wp-json\/wp\/v2\/media?parent=80"}],"curies":[{"name":"wp","href":"https:\/\/api.w.org\/{rel}","templated":true}]}}