{"id":1645,"date":"2023-01-24T17:43:36","date_gmt":"2023-01-24T16:43:36","guid":{"rendered":"https:\/\/family-cycling.com\/83949290Sa-family-cyling-franz\/followme-reha-2\/"},"modified":"2023-01-24T18:36:09","modified_gmt":"2023-01-24T17:36:09","slug":"followme-reha-2","status":"publish","type":"page","link":"https:\/\/family-cycling.com\/83949290Sa-family-cyling-franz\/followme-reha-2\/","title":{"rendered":"FollowMe Reha"},"content":{"rendered":"\t\t<div data-elementor-type=\"wp-page\" data-elementor-id=\"1645\" class=\"elementor elementor-1645\">\n\t\t\t\t\t\t\t\t\t<section class=\"elementor-section elementor-top-section elementor-element elementor-element-4f51b3d6 elementor-section-full_width elementor-section-height-min-height elementor-section-height-default elementor-section-items-middle\" data-id=\"4f51b3d6\" data-element_type=\"section\" data-settings=\"{&quot;background_background&quot;:&quot;slideshow&quot;,&quot;background_slideshow_gallery&quot;:[{&quot;id&quot;:1577,&quot;url&quot;:&quot;https:\\\/\\\/family-cycling.com\\\/83949290Sa-family-cyling-franz\\\/wp-content\\\/uploads\\\/followme-startseite-01.jpg&quot;},{&quot;id&quot;:1578,&quot;url&quot;:&quot;https:\\\/\\\/family-cycling.com\\\/83949290Sa-family-cyling-franz\\\/wp-content\\\/uploads\\\/followme-startseite-02.jpg&quot;}],&quot;background_slideshow_slide_duration&quot;:3882,&quot;background_slideshow_transition_duration&quot;:2000,&quot;background_slideshow_loop&quot;:&quot;yes&quot;,&quot;background_slideshow_slide_transition&quot;:&quot;fade&quot;}\">\n\t\t\t\t\t\t<div class=\"elementor-container elementor-column-gap-default\">\n\t\t\t\t\t<div class=\"elementor-column elementor-col-100 elementor-top-column elementor-element elementor-element-9ea2aa9\" data-id=\"9ea2aa9\" data-element_type=\"column\">\n\t\t\t<div class=\"elementor-widget-wrap\">\n\t\t\t\t\t\t\t\t\t<\/div>\n\t\t<\/div>\n\t\t\t\t\t\t\t<\/div>\n\t\t<\/section>\n\t\t\t\t<section class=\"elementor-section elementor-top-section elementor-element elementor-element-2c75a139 elementor-section-boxed elementor-section-height-default elementor-section-height-default\" data-id=\"2c75a139\" data-element_type=\"section\">\n\t\t\t\t\t\t<div class=\"elementor-container elementor-column-gap-default\">\n\t\t\t\t\t<div class=\"elementor-column elementor-col-100 elementor-top-column elementor-element elementor-element-247bb106\" data-id=\"247bb106\" data-element_type=\"column\">\n\t\t\t<div class=\"elementor-widget-wrap elementor-element-populated\">\n\t\t\t\t\t\t\t\t<div class=\"elementor-element elementor-element-1fcecb69 elementor-widget elementor-widget-spacer\" data-id=\"1fcecb69\" data-element_type=\"widget\" data-widget_type=\"spacer.default\">\n\t\t\t\t<div class=\"elementor-widget-container\">\n\t\t\t<style>\/*! elementor - v3.10.1 - 17-01-2023 *\/\n.elementor-column .elementor-spacer-inner{height:var(--spacer-size)}.e-con{--container-widget-width:100%}.e-con-inner>.elementor-widget-spacer,.e-con>.elementor-widget-spacer{width:var(--container-widget-width,var(--spacer-size));--align-self:var(--container-widget-align-self,initial);--flex-shrink:0}.e-con-inner>.elementor-widget-spacer>.elementor-widget-container,.e-con-inner>.elementor-widget-spacer>.elementor-widget-container>.elementor-spacer,.e-con>.elementor-widget-spacer>.elementor-widget-container,.e-con>.elementor-widget-spacer>.elementor-widget-container>.elementor-spacer{height:100%}.e-con-inner>.elementor-widget-spacer>.elementor-widget-container>.elementor-spacer>.elementor-spacer-inner,.e-con>.elementor-widget-spacer>.elementor-widget-container>.elementor-spacer>.elementor-spacer-inner{height:var(--container-widget-height,var(--spacer-size))}<\/style>\t\t<div class=\"elementor-spacer\">\n\t\t\t<div class=\"elementor-spacer-inner\"><\/div>\n\t\t<\/div>\n\t\t\t\t<\/div>\n\t\t\t\t<\/div>\n\t\t\t\t\t<\/div>\n\t\t<\/div>\n\t\t\t\t\t\t\t<\/div>\n\t\t<\/section>\n\t\t\t\t<section class=\"elementor-section elementor-top-section elementor-element elementor-element-5c2ed8d8 elementor-section-boxed elementor-section-height-default elementor-section-height-default\" data-id=\"5c2ed8d8\" data-element_type=\"section\">\n\t\t\t\t\t\t<div class=\"elementor-container elementor-column-gap-default\">\n\t\t\t\t\t<div class=\"elementor-column elementor-col-33 elementor-top-column elementor-element elementor-element-438dabd8\" data-id=\"438dabd8\" data-element_type=\"column\">\n\t\t\t<div class=\"elementor-widget-wrap elementor-element-populated\">\n\t\t\t\t\t\t\t\t<div class=\"elementor-element elementor-element-2fd5bb72 elementor-widget elementor-widget-spacer\" data-id=\"2fd5bb72\" data-element_type=\"widget\" data-widget_type=\"spacer.default\">\n\t\t\t\t<div class=\"elementor-widget-container\">\n\t\t\t\t\t<div class=\"elementor-spacer\">\n\t\t\t<div class=\"elementor-spacer-inner\"><\/div>\n\t\t<\/div>\n\t\t\t\t<\/div>\n\t\t\t\t<\/div>\n\t\t\t\t\t<\/div>\n\t\t<\/div>\n\t\t\t\t<div class=\"elementor-column elementor-col-66 elementor-top-column elementor-element elementor-element-674eeb78\" data-id=\"674eeb78\" data-element_type=\"column\">\n\t\t\t<div class=\"elementor-widget-wrap elementor-element-populated\">\n\t\t\t\t\t\t\t\t<div class=\"elementor-element elementor-element-635bc10 elementor-widget elementor-widget-text-editor\" data-id=\"635bc10\" data-element_type=\"widget\" data-widget_type=\"text-editor.default\">\n\t\t\t\t<div class=\"elementor-widget-container\">\n\t\t\t<style>\/*! elementor - v3.10.1 - 17-01-2023 *\/\n.elementor-widget-text-editor.elementor-drop-cap-view-stacked .elementor-drop-cap{background-color:#818a91;color:#fff}.elementor-widget-text-editor.elementor-drop-cap-view-framed .elementor-drop-cap{color:#818a91;border:3px solid;background-color:transparent}.elementor-widget-text-editor:not(.elementor-drop-cap-view-default) .elementor-drop-cap{margin-top:8px}.elementor-widget-text-editor:not(.elementor-drop-cap-view-default) .elementor-drop-cap-letter{width:1em;height:1em}.elementor-widget-text-editor .elementor-drop-cap{float:left;text-align:center;line-height:1;font-size:50px}.elementor-widget-text-editor .elementor-drop-cap-letter{display:inline-block}<\/style>\t\t\t\t<h2 style=\"text-align: left;\">FollowMe Reha<\/h2>\t\t\t\t\t\t<\/div>\n\t\t\t\t<\/div>\n\t\t\t\t\t<\/div>\n\t\t<\/div>\n\t\t\t\t\t\t\t<\/div>\n\t\t<\/section>\n\t\t\t\t<section class=\"elementor-section elementor-top-section elementor-element elementor-element-7a8f88e0 elementor-section-boxed elementor-section-height-default elementor-section-height-default\" data-id=\"7a8f88e0\" data-element_type=\"section\">\n\t\t\t\t\t\t<div class=\"elementor-container elementor-column-gap-default\">\n\t\t\t\t\t<div class=\"elementor-column elementor-col-33 elementor-top-column elementor-element elementor-element-7d490733\" data-id=\"7d490733\" data-element_type=\"column\">\n\t\t\t<div class=\"elementor-widget-wrap\">\n\t\t\t\t\t\t\t\t\t<\/div>\n\t\t<\/div>\n\t\t\t\t<div class=\"elementor-column elementor-col-33 elementor-top-column elementor-element elementor-element-171e5d83\" data-id=\"171e5d83\" data-element_type=\"column\">\n\t\t\t<div class=\"elementor-widget-wrap elementor-element-populated\">\n\t\t\t\t\t\t\t\t<div class=\"elementor-element elementor-element-25869e63 elementor-widget elementor-widget-image\" data-id=\"25869e63\" data-element_type=\"widget\" data-widget_type=\"image.default\">\n\t\t\t\t<div class=\"elementor-widget-container\">\n\t\t\t<style>\/*! elementor - v3.10.1 - 17-01-2023 *\/\n.elementor-widget-image{text-align:center}.elementor-widget-image a{display:inline-block}.elementor-widget-image a img[src$=\".svg\"]{width:48px}.elementor-widget-image img{vertical-align:middle;display:inline-block}<\/style>\t\t\t\t\t\t\t\t\t\t\t\t<img loading=\"lazy\" decoding=\"async\" width=\"800\" height=\"532\" src=\"https:\/\/family-cycling.com\/83949290Sa-family-cyling-franz\/wp-content\/uploads\/Schuchmann-FollowMe-MOMO-04-400.jpg\" class=\"attachment-large size-large wp-image-1646\" alt=\"\" srcset=\"https:\/\/family-cycling.com\/83949290Sa-family-cyling-franz\/wp-content\/uploads\/Schuchmann-FollowMe-MOMO-04-400.jpg 800w, https:\/\/family-cycling.com\/83949290Sa-family-cyling-franz\/wp-content\/uploads\/Schuchmann-FollowMe-MOMO-04-400-300x200.jpg 300w, https:\/\/family-cycling.com\/83949290Sa-family-cyling-franz\/wp-content\/uploads\/Schuchmann-FollowMe-MOMO-04-400-768x511.jpg 768w\" sizes=\"auto, (max-width: 800px) 100vw, 800px\" \/>\t\t\t\t\t\t\t\t\t\t\t\t\t\t\t<\/div>\n\t\t\t\t<\/div>\n\t\t\t\t\t<\/div>\n\t\t<\/div>\n\t\t\t\t<div class=\"elementor-column elementor-col-33 elementor-top-column elementor-element elementor-element-47a6065b\" data-id=\"47a6065b\" data-element_type=\"column\">\n\t\t\t<div class=\"elementor-widget-wrap elementor-element-populated\">\n\t\t\t\t\t\t\t\t<div class=\"elementor-element elementor-element-d13e8c6 elementor-widget elementor-widget-image\" data-id=\"d13e8c6\" data-element_type=\"widget\" data-widget_type=\"image.default\">\n\t\t\t\t<div class=\"elementor-widget-container\">\n\t\t\t\t\t\t\t\t\t\t\t\t\t\t\t<img loading=\"lazy\" decoding=\"async\" width=\"800\" height=\"532\" src=\"https:\/\/family-cycling.com\/83949290Sa-family-cyling-franz\/wp-content\/uploads\/Schuchmann-FollowMe-MOMO-05-400.jpg\" class=\"attachment-large size-large wp-image-1647\" alt=\"\" srcset=\"https:\/\/family-cycling.com\/83949290Sa-family-cyling-franz\/wp-content\/uploads\/Schuchmann-FollowMe-MOMO-05-400.jpg 800w, https:\/\/family-cycling.com\/83949290Sa-family-cyling-franz\/wp-content\/uploads\/Schuchmann-FollowMe-MOMO-05-400-300x200.jpg 300w, https:\/\/family-cycling.com\/83949290Sa-family-cyling-franz\/wp-content\/uploads\/Schuchmann-FollowMe-MOMO-05-400-768x511.jpg 768w\" sizes=\"auto, (max-width: 800px) 100vw, 800px\" \/>\t\t\t\t\t\t\t\t\t\t\t\t\t\t\t<\/div>\n\t\t\t\t<\/div>\n\t\t\t\t\t<\/div>\n\t\t<\/div>\n\t\t\t\t\t\t\t<\/div>\n\t\t<\/section>\n\t\t\t\t<section class=\"elementor-section elementor-top-section elementor-element elementor-element-64e5ca27 elementor-section-boxed elementor-section-height-default elementor-section-height-default\" data-id=\"64e5ca27\" data-element_type=\"section\">\n\t\t\t\t\t\t<div class=\"elementor-container elementor-column-gap-default\">\n\t\t\t\t\t<div class=\"elementor-column elementor-col-33 elementor-top-column elementor-element elementor-element-7822b3e8\" data-id=\"7822b3e8\" data-element_type=\"column\">\n\t\t\t<div class=\"elementor-widget-wrap\">\n\t\t\t\t\t\t\t\t\t<\/div>\n\t\t<\/div>\n\t\t\t\t<div class=\"elementor-column elementor-col-33 elementor-top-column elementor-element elementor-element-6416b5e0\" data-id=\"6416b5e0\" data-element_type=\"column\">\n\t\t\t<div class=\"elementor-widget-wrap elementor-element-populated\">\n\t\t\t\t\t\t\t\t<div class=\"elementor-element elementor-element-43a48603 elementor-widget elementor-widget-image\" data-id=\"43a48603\" data-element_type=\"widget\" data-widget_type=\"image.default\">\n\t\t\t\t<div class=\"elementor-widget-container\">\n\t\t\t\t\t\t\t\t\t\t\t\t\t\t\t<img loading=\"lazy\" decoding=\"async\" width=\"800\" height=\"532\" src=\"https:\/\/family-cycling.com\/83949290Sa-family-cyling-franz\/wp-content\/uploads\/Schuchmann-FollowMe-MOMO-08-400.jpg\" class=\"attachment-large size-large wp-image-1648\" alt=\"\" srcset=\"https:\/\/family-cycling.com\/83949290Sa-family-cyling-franz\/wp-content\/uploads\/Schuchmann-FollowMe-MOMO-08-400.jpg 800w, https:\/\/family-cycling.com\/83949290Sa-family-cyling-franz\/wp-content\/uploads\/Schuchmann-FollowMe-MOMO-08-400-300x200.jpg 300w, https:\/\/family-cycling.com\/83949290Sa-family-cyling-franz\/wp-content\/uploads\/Schuchmann-FollowMe-MOMO-08-400-768x511.jpg 768w\" sizes=\"auto, (max-width: 800px) 100vw, 800px\" \/>\t\t\t\t\t\t\t\t\t\t\t\t\t\t\t<\/div>\n\t\t\t\t<\/div>\n\t\t\t\t\t<\/div>\n\t\t<\/div>\n\t\t\t\t<div class=\"elementor-column elementor-col-33 elementor-top-column elementor-element elementor-element-7a1c4bdf\" data-id=\"7a1c4bdf\" data-element_type=\"column\">\n\t\t\t<div class=\"elementor-widget-wrap elementor-element-populated\">\n\t\t\t\t\t\t\t\t<div class=\"elementor-element elementor-element-56bf9e3c elementor-widget elementor-widget-image\" data-id=\"56bf9e3c\" data-element_type=\"widget\" data-widget_type=\"image.default\">\n\t\t\t\t<div class=\"elementor-widget-container\">\n\t\t\t\t\t\t\t\t\t\t\t\t\t\t\t<img loading=\"lazy\" decoding=\"async\" width=\"800\" height=\"532\" src=\"https:\/\/family-cycling.com\/83949290Sa-family-cyling-franz\/wp-content\/uploads\/Schuchmann-FollowMe-MOMO-09-400.jpg\" class=\"attachment-large size-large wp-image-1649\" alt=\"\" srcset=\"https:\/\/family-cycling.com\/83949290Sa-family-cyling-franz\/wp-content\/uploads\/Schuchmann-FollowMe-MOMO-09-400.jpg 800w, https:\/\/family-cycling.com\/83949290Sa-family-cyling-franz\/wp-content\/uploads\/Schuchmann-FollowMe-MOMO-09-400-300x200.jpg 300w, https:\/\/family-cycling.com\/83949290Sa-family-cyling-franz\/wp-content\/uploads\/Schuchmann-FollowMe-MOMO-09-400-768x511.jpg 768w\" sizes=\"auto, (max-width: 800px) 100vw, 800px\" \/>\t\t\t\t\t\t\t\t\t\t\t\t\t\t\t<\/div>\n\t\t\t\t<\/div>\n\t\t\t\t\t<\/div>\n\t\t<\/div>\n\t\t\t\t\t\t\t<\/div>\n\t\t<\/section>\n\t\t\t\t<section class=\"elementor-section elementor-top-section elementor-element elementor-element-c1418a6 elementor-section-boxed elementor-section-height-default elementor-section-height-default\" data-id=\"c1418a6\" data-element_type=\"section\">\n\t\t\t\t\t\t<div class=\"elementor-container elementor-column-gap-default\">\n\t\t\t\t\t<div class=\"elementor-column elementor-col-33 elementor-top-column elementor-element elementor-element-75d8e992\" data-id=\"75d8e992\" data-element_type=\"column\">\n\t\t\t<div class=\"elementor-widget-wrap\">\n\t\t\t\t\t\t\t\t\t<\/div>\n\t\t<\/div>\n\t\t\t\t<div class=\"elementor-column elementor-col-33 elementor-top-column elementor-element elementor-element-22f1a944\" data-id=\"22f1a944\" data-element_type=\"column\">\n\t\t\t<div class=\"elementor-widget-wrap elementor-element-populated\">\n\t\t\t\t\t\t\t\t<div class=\"elementor-element elementor-element-23f69336 elementor-widget elementor-widget-image\" data-id=\"23f69336\" data-element_type=\"widget\" data-widget_type=\"image.default\">\n\t\t\t\t<div class=\"elementor-widget-container\">\n\t\t\t\t\t\t\t\t\t\t\t\t\t\t\t<img loading=\"lazy\" decoding=\"async\" width=\"800\" height=\"532\" src=\"https:\/\/family-cycling.com\/83949290Sa-family-cyling-franz\/wp-content\/uploads\/Schuchmann-FollowMe-MOMO-10-400.jpg\" class=\"attachment-large size-large wp-image-1650\" alt=\"\" srcset=\"https:\/\/family-cycling.com\/83949290Sa-family-cyling-franz\/wp-content\/uploads\/Schuchmann-FollowMe-MOMO-10-400.jpg 800w, https:\/\/family-cycling.com\/83949290Sa-family-cyling-franz\/wp-content\/uploads\/Schuchmann-FollowMe-MOMO-10-400-300x200.jpg 300w, https:\/\/family-cycling.com\/83949290Sa-family-cyling-franz\/wp-content\/uploads\/Schuchmann-FollowMe-MOMO-10-400-768x511.jpg 768w\" sizes=\"auto, (max-width: 800px) 100vw, 800px\" \/>\t\t\t\t\t\t\t\t\t\t\t\t\t\t\t<\/div>\n\t\t\t\t<\/div>\n\t\t\t\t\t<\/div>\n\t\t<\/div>\n\t\t\t\t<div class=\"elementor-column elementor-col-33 elementor-top-column elementor-element elementor-element-6f4ef981\" data-id=\"6f4ef981\" data-element_type=\"column\">\n\t\t\t<div class=\"elementor-widget-wrap elementor-element-populated\">\n\t\t\t\t\t\t\t\t<div class=\"elementor-element elementor-element-6b5a7853 elementor-widget elementor-widget-image\" data-id=\"6b5a7853\" data-element_type=\"widget\" data-widget_type=\"image.default\">\n\t\t\t\t<div class=\"elementor-widget-container\">\n\t\t\t\t\t\t\t\t\t\t\t\t\t\t\t<img loading=\"lazy\" decoding=\"async\" width=\"800\" height=\"532\" src=\"https:\/\/family-cycling.com\/83949290Sa-family-cyling-franz\/wp-content\/uploads\/Schuchmann-FollowMe-MOMO-12-400.jpg\" class=\"attachment-large size-large wp-image-1651\" alt=\"\" srcset=\"https:\/\/family-cycling.com\/83949290Sa-family-cyling-franz\/wp-content\/uploads\/Schuchmann-FollowMe-MOMO-12-400.jpg 800w, https:\/\/family-cycling.com\/83949290Sa-family-cyling-franz\/wp-content\/uploads\/Schuchmann-FollowMe-MOMO-12-400-300x200.jpg 300w, https:\/\/family-cycling.com\/83949290Sa-family-cyling-franz\/wp-content\/uploads\/Schuchmann-FollowMe-MOMO-12-400-768x511.jpg 768w\" sizes=\"auto, (max-width: 800px) 100vw, 800px\" \/>\t\t\t\t\t\t\t\t\t\t\t\t\t\t\t<\/div>\n\t\t\t\t<\/div>\n\t\t\t\t\t<\/div>\n\t\t<\/div>\n\t\t\t\t\t\t\t<\/div>\n\t\t<\/section>\n\t\t\t\t<section class=\"elementor-section elementor-top-section elementor-element elementor-element-55e56003 elementor-section-boxed elementor-section-height-default elementor-section-height-default\" data-id=\"55e56003\" data-element_type=\"section\">\n\t\t\t\t\t\t<div class=\"elementor-container elementor-column-gap-default\">\n\t\t\t\t\t<div class=\"elementor-column elementor-col-33 elementor-top-column elementor-element elementor-element-64b7dfbe\" data-id=\"64b7dfbe\" data-element_type=\"column\">\n\t\t\t<div class=\"elementor-widget-wrap\">\n\t\t\t\t\t\t\t\t\t<\/div>\n\t\t<\/div>\n\t\t\t\t<div class=\"elementor-column elementor-col-33 elementor-top-column elementor-element elementor-element-2ad5a316\" data-id=\"2ad5a316\" data-element_type=\"column\">\n\t\t\t<div class=\"elementor-widget-wrap elementor-element-populated\">\n\t\t\t\t\t\t\t\t<div class=\"elementor-element elementor-element-1263f506 elementor-widget elementor-widget-image\" data-id=\"1263f506\" data-element_type=\"widget\" data-widget_type=\"image.default\">\n\t\t\t\t<div class=\"elementor-widget-container\">\n\t\t\t\t\t\t\t\t\t\t\t\t\t\t\t<img loading=\"lazy\" decoding=\"async\" width=\"800\" height=\"532\" src=\"https:\/\/family-cycling.com\/83949290Sa-family-cyling-franz\/wp-content\/uploads\/Schuchmann-FollowMe-MOMO-13-400.jpg\" class=\"attachment-large size-large wp-image-1652\" alt=\"\" srcset=\"https:\/\/family-cycling.com\/83949290Sa-family-cyling-franz\/wp-content\/uploads\/Schuchmann-FollowMe-MOMO-13-400.jpg 800w, https:\/\/family-cycling.com\/83949290Sa-family-cyling-franz\/wp-content\/uploads\/Schuchmann-FollowMe-MOMO-13-400-300x200.jpg 300w, https:\/\/family-cycling.com\/83949290Sa-family-cyling-franz\/wp-content\/uploads\/Schuchmann-FollowMe-MOMO-13-400-768x511.jpg 768w\" sizes=\"auto, (max-width: 800px) 100vw, 800px\" \/>\t\t\t\t\t\t\t\t\t\t\t\t\t\t\t<\/div>\n\t\t\t\t<\/div>\n\t\t\t\t\t<\/div>\n\t\t<\/div>\n\t\t\t\t<div class=\"elementor-column elementor-col-33 elementor-top-column elementor-element elementor-element-2cade79c\" data-id=\"2cade79c\" data-element_type=\"column\">\n\t\t\t<div class=\"elementor-widget-wrap elementor-element-populated\">\n\t\t\t\t\t\t\t\t<div class=\"elementor-element elementor-element-41ad94dd elementor-widget elementor-widget-image\" data-id=\"41ad94dd\" data-element_type=\"widget\" data-widget_type=\"image.default\">\n\t\t\t\t<div class=\"elementor-widget-container\">\n\t\t\t\t\t\t\t\t\t\t\t\t\t\t\t<img loading=\"lazy\" decoding=\"async\" width=\"800\" height=\"533\" src=\"https:\/\/family-cycling.com\/83949290Sa-family-cyling-franz\/wp-content\/uploads\/Schuchmann-FollowMe-MOMO-strasse-400.jpg\" class=\"attachment-large size-large wp-image-1653\" alt=\"\" srcset=\"https:\/\/family-cycling.com\/83949290Sa-family-cyling-franz\/wp-content\/uploads\/Schuchmann-FollowMe-MOMO-strasse-400.jpg 800w, https:\/\/family-cycling.com\/83949290Sa-family-cyling-franz\/wp-content\/uploads\/Schuchmann-FollowMe-MOMO-strasse-400-300x200.jpg 300w, https:\/\/family-cycling.com\/83949290Sa-family-cyling-franz\/wp-content\/uploads\/Schuchmann-FollowMe-MOMO-strasse-400-768x512.jpg 768w\" sizes=\"auto, (max-width: 800px) 100vw, 800px\" \/>\t\t\t\t\t\t\t\t\t\t\t\t\t\t\t<\/div>\n\t\t\t\t<\/div>\n\t\t\t\t\t<\/div>\n\t\t<\/div>\n\t\t\t\t\t\t\t<\/div>\n\t\t<\/section>\n\t\t\t\t<section class=\"elementor-section elementor-top-section elementor-element elementor-element-6944236c elementor-section-boxed elementor-section-height-default elementor-section-height-default\" data-id=\"6944236c\" data-element_type=\"section\">\n\t\t\t\t\t\t<div class=\"elementor-container elementor-column-gap-default\">\n\t\t\t\t\t<div class=\"elementor-column elementor-col-33 elementor-top-column elementor-element elementor-element-73ded21d\" data-id=\"73ded21d\" data-element_type=\"column\">\n\t\t\t<div class=\"elementor-widget-wrap\">\n\t\t\t\t\t\t\t\t\t<\/div>\n\t\t<\/div>\n\t\t\t\t<div class=\"elementor-column elementor-col-66 elementor-top-column elementor-element elementor-element-32402a68\" data-id=\"32402a68\" data-element_type=\"column\">\n\t\t\t<div class=\"elementor-widget-wrap elementor-element-populated\">\n\t\t\t\t\t\t\t\t<div class=\"elementor-element elementor-element-6fdf2ad4 elementor-widget elementor-widget-text-editor\" data-id=\"6fdf2ad4\" data-element_type=\"widget\" data-widget_type=\"text-editor.default\">\n\t\t\t\t<div class=\"elementor-widget-container\">\n\t\t\t\t\t\t\t<ul style=\"text-align: left;\"><li>Un seul montage suffit pour fixer FollowMeMOMO sur le v\u00e9lo de l\u2018adulte, gr\u00e2ce \u00e0 son poids l\u00e9ger il peut rester durablement en place sans probl\u00e8me.<\/li><li>Retirer l\u2018essieu arri\u00e8re du v\u00e9lo tracteur (26\u201c ou 28\u201c) et monter l\u2018essieu sp\u00e9cial livr\u00e9 avec l\u2018attelage tandem parent-enfant. S\u2018utlise avec tous types de v\u00e9los adultes \u2013 m\u00eame les v\u00e9los tout-terrain tout suspendu !<\/li><li>Quelques gestes suffisent, et ce sans aucun outil, pour relier l\u2018attelage parent-enfant avec le tricycle e votre enfant.<\/li><li>Gr\u00e2ce \u00e0 un m\u00e9canisme de r\u00e9glage efficace, le FollowMeMOMO grandit avec votre enfant. En effet, le syst\u00e8me accepte toutes les tailles de roues, de 12\u201c (T. 1), 16\u201c + 20\u201c (T. 2) et 24\u201c + 26\u201c (T. 3).<\/li><li>Adapt\u00e9 \u00e0 tous les tricycles Schuchmann \u00e0 roue libre et\/ou \u00e0 d\u00e9verrouillage.<br \/>Pour tous les v\u00e9los pour adultes 26\u201c et 28\u201c avec ou sans suspension arri\u00e8re \u00e0 attache rapide.<\/li><li>Les v\u00e9los \u00e9quip\u00e9s d\u2018un essieu d\u2018une pi\u00e8ce ou d\u2018un moyeu \u00e0 vitesses int\u00e9gr\u00e9es peuvent \u00eatre \u00e9quip\u00e9s avec des adaptateurs disponibles en option.<\/li><li>Le v\u00e9lo adulte conserve la possibilit\u00e9 d\u2018\u00eatre \u00e9quip\u00e9 d\u2018un si\u00e8ge enfant, d\u2018un porte-bagage et de sacoches.<\/li><\/ul><p>\u00a0<\/p><p style=\"text-align: left;\">Schuchmann GmbH &amp; Co. KG<br \/>D\u00fctestrasse 3<br \/>D-49205 Hasbergen<br \/>www.schuchmann-reha.de<\/p><p style=\"text-align: left;\">Fon. +49 (0) 5405 909-0<br \/>Fax. +49 (0) 5405 909-109<br \/>info@schuchmann-reha.de<\/p><p><a title=\"Reha mit FollowMe\" href=\"https:\/\/www.schuchmann.de\/produkt\/follow-me-momo\/\" target=\"_blank\" rel=\"noopener\">&gt; Schuchmann Website<\/a><\/p>\t\t\t\t\t\t<\/div>\n\t\t\t\t<\/div>\n\t\t\t\t\t<\/div>\n\t\t<\/div>\n\t\t\t\t\t\t\t<\/div>\n\t\t<\/section>\n\t\t\t\t<section class=\"elementor-section elementor-top-section elementor-element elementor-element-37865bd3 elementor-section-boxed elementor-section-height-default elementor-section-height-default\" data-id=\"37865bd3\" data-element_type=\"section\">\n\t\t\t\t\t\t<div class=\"elementor-container elementor-column-gap-default\">\n\t\t\t\t\t<div class=\"elementor-column elementor-col-100 elementor-top-column elementor-element elementor-element-1ee4cc77\" data-id=\"1ee4cc77\" data-element_type=\"column\">\n\t\t\t<div class=\"elementor-widget-wrap elementor-element-populated\">\n\t\t\t\t\t\t\t\t<div class=\"elementor-element elementor-element-254fa048 elementor-widget elementor-widget-spacer\" data-id=\"254fa048\" data-element_type=\"widget\" data-widget_type=\"spacer.default\">\n\t\t\t\t<div class=\"elementor-widget-container\">\n\t\t\t\t\t<div class=\"elementor-spacer\">\n\t\t\t<div class=\"elementor-spacer-inner\"><\/div>\n\t\t<\/div>\n\t\t\t\t<\/div>\n\t\t\t\t<\/div>\n\t\t\t\t\t<\/div>\n\t\t<\/div>\n\t\t\t\t\t\t\t<\/div>\n\t\t<\/section>\n\t\t\t\t\t\t\t<\/div>\n\t\t","protected":false},"excerpt":{"rendered":"<p>FollowMe Reha Un seul montage suffit pour fixer FollowMeMOMO sur le v\u00e9lo de l\u2018adulte, gr\u00e2ce \u00e0 son poids l\u00e9ger il peut rester durablement en place sans probl\u00e8me. Retirer l\u2018essieu arri\u00e8re du v\u00e9lo tracteur (26\u201c ou 28\u201c) et monter l\u2018essieu sp\u00e9cial livr\u00e9 avec l\u2018attelage tandem parent-enfant. S\u2018utlise avec tous types de v\u00e9los adultes \u2013 m\u00eame les [&hellip;]<\/p>\n","protected":false},"author":1,"featured_media":0,"parent":0,"menu_order":0,"comment_status":"closed","ping_status":"closed","template":"","meta":{"footnotes":""},"class_list":["post-1645","page","type-page","status-publish","hentry","entry"],"_links":{"self":[{"href":"https:\/\/family-cycling.com\/83949290Sa-family-cyling-franz\/wp-json\/wp\/v2\/pages\/1645","targetHints":{"allow":["GET"]}}],"collection":[{"href":"https:\/\/family-cycling.com\/83949290Sa-family-cyling-franz\/wp-json\/wp\/v2\/pages"}],"about":[{"href":"https:\/\/family-cycling.com\/83949290Sa-family-cyling-franz\/wp-json\/wp\/v2\/types\/page"}],"author":[{"embeddable":true,"href":"https:\/\/family-cycling.com\/83949290Sa-family-cyling-franz\/wp-json\/wp\/v2\/users\/1"}],"replies":[{"embeddable":true,"href":"https:\/\/family-cycling.com\/83949290Sa-family-cyling-franz\/wp-json\/wp\/v2\/comments?post=1645"}],"version-history":[{"count":6,"href":"https:\/\/family-cycling.com\/83949290Sa-family-cyling-franz\/wp-json\/wp\/v2\/pages\/1645\/revisions"}],"predecessor-version":[{"id":1744,"href":"https:\/\/family-cycling.com\/83949290Sa-family-cyling-franz\/wp-json\/wp\/v2\/pages\/1645\/revisions\/1744"}],"wp:attachment":[{"href":"https:\/\/family-cycling.com\/83949290Sa-family-cyling-franz\/wp-json\/wp\/v2\/media?parent=1645"}],"curies":[{"name":"wp","href":"https:\/\/api.w.org\/{rel}","templated":true}]}}